rime factors of 25131946.
2, 7, 19, 107, 883
What are the prime factors of 13946110?
2, 5, 743, 1877
List the prime factors of 166889.
17, 9817
List the prime factors of 12048236.
2, 37, 127, 641
What are the prime factors of 46433?
59, 787
List the prime factors of 272046.
2, 3, 45341
What are the prime factors of 8064359?
389, 20731
List the prime factors of 163013.
17, 43, 223
What are the prime factors of 2222498?
2, 43, 601
List the prime factors of 496760.
2, 5, 11, 1129
List the prime factors of 380006.
2, 11, 23, 751
List the prime factors of 6904145.
5, 661, 2089
What are the prime factors of 17811234?
2, 3, 7, 141359
What are the prime factors of 25434178?
2, 7, 11, 317, 521
List the prime factors of 6849420.
2, 3, 5, 114157
What are the prime factors of 205355?
5, 67, 613
List the prime factors of 177931.
13, 13687
List the prime factors of 7415790.
2, 3, 5, 247193
List the prime factors of 658700.
2, 5, 7, 941
What are the prime factors of 583514?
2, 197, 1481
List the prime factors of 761460.
2, 3, 5, 7, 37
List the prime factors of 2451.
3, 19, 43
What are the prime factors of 674653?
7, 31, 3109
List the prime factors of 249289.
89, 2801
List the prime factors of 106141.
7, 59, 257
List the prime factors of 950095.
5, 19, 73, 137
List the prime factors of 1623464.
2, 202933
What are the prime factors of 164007?
3, 18223
What are the prime factors of 237652?
2, 19, 53, 59
What are the prime factors of 20779941?
3, 7, 13, 103, 739
List the prime factors of 1121.
19, 59
What are the prime factors of 302103?
3, 67, 167
List the prime factors of 330821.
330821
List the prime factors of 3758283.
3, 53, 7879
What are the prime factors of 771980?
2, 5, 11, 29
List the prime factors of 5286209.
97, 54497
What are the prime factors of 80176?
2, 5011
List the prime factors of 1072777.
263, 4079
List the prime factors of 788085.
3, 5, 83, 211
What are the prime factors of 494385?
3, 5, 23, 1433
List the prime factors of 4101441.
3, 29, 47143
List the prime factors of 4884966.
2, 3, 101, 2687
What are the prime factors of 1323788?
2, 23, 14389
What are the prime factors of 224877?
3, 74959
List the prime factors of 239568.
2, 3, 7, 23, 31
List the prime factors of 301619.
301619
What are the prime factors of 71341?
71341
What are the prime factors of 2486364?
2, 3, 207197
List the prime factors of 8787927.
3, 311, 9419
What are the prime factors of 8325416?
2, 11, 89, 1063
List the prime factors of 720958.
2, 7, 23, 2239
List the prime factors of 4774587.
3, 137, 11617
What are the prime factors of 831938?
2, 415969
List the prime factors of 330763.
23, 73, 197
What are the prime factors of 812993?
577, 1409
What are the prime factors of 2200008?
2, 3, 31, 2957
What are the prime factors of 18068123?
3203, 5641
What are the prime factors of 2082582?
2, 3, 37, 53, 59
What are the prime factors of 19383?
3, 7, 13, 71
List the prime factors of 2390940.
2, 3, 5, 37, 359
List the prime factors of 32446.
2, 16223
What are the prime factors of 12883172?
2, 3220793
List the prime factors of 7923882.
2, 3, 557, 2371
List the prime factors of 625577.
23, 59, 461
What are the prime factors of 158586?
2, 3, 26431
What are the prime factors of 7313367?
3, 149, 16361
List the prime factors of 3475402.
2, 7, 248243
List the prime factors of 1171204.
2, 292801
List the prime factors of 573975.
3, 5, 2551
What are the prime factors of 3889600?
2, 5, 11, 13, 17
List the prime factors of 12133935.
3, 5, 11, 8171
What are the prime factors of 9838786?
2, 4919393
What are the prime factors of 15346478?
2, 7, 17, 3793
What are the prime factors of 477476?
2, 79, 1511
List the prime factors of 9061602.
2, 3, 11, 251, 547
What are the prime factors of 1250339?
109, 11471
What are the prime factors of 21287?
7, 3041
List the prime factors of 300787.
300787
List the prime factors of 20184915.
3, 5, 23, 41, 1427
List the prime factors of 1090826.
2, 11, 179, 277
What are the prime factors of 520211?
31, 97, 173
What are the prime factors of 3652190?
2, 5, 73, 5003
List the prime factors of 556145.
5, 111229
List the prime factors of 1644132.
2, 3, 7, 23, 37
List the prime factors of 7347204.
2, 3, 127, 1607
List the prime factors of 3241802.
2, 127, 12763
What are the prime factors of 86486?
2, 83, 521
List the prime factors of 832533.
3, 13, 21347
What are the prime factors of 491760?
2, 3, 5, 683
What are the prime factors of 1520445?
3, 5, 101363
What are the prime factors of 1158428?
2, 289607
What are the prime factors of 205810?
2, 5, 11, 1871
What are the prime factors of 18263936?
2, 97, 1471
List the prime factors of 14829872.
2, 926867
What are the prime factors of 107959?
47, 2297
What are the prime factors of 299074?
2, 229, 653
List the prime factors of 27768812.
2, 83, 83641
List the prime factors of 5046392.
2, 13, 48523
List the prime factors of 1626099.
3, 59, 9187
What are the prime factors of 1825937?
1825937
List the prime factors of 39799.
39799
List the prime factors of 2434594.
2, 1217297
List the prime factors of 50356.
2, 12589
List the prime factors of 208372.
2, 113, 461
What are the prime factors of 3474035?
5, 17, 23, 1777
What are the prime factors of 1624672?
2, 7, 7253
List the prime factors of 21235629.
3, 149, 47507
List the prime factors of 1481665.
5, 37, 8009
What are the prime factors of 271596?
2, 3, 13, 1741
What are the prime factors of 13767939?
3, 733, 2087
What are the prime factors of 2037230?
2, 5, 13, 15671
What are the prime factors of 2744302?
2, 11, 79, 1579
List the prime factors of 1775192.
2, 59, 3761
List the prime factors of 24775450.
2, 5, 7, 71, 997
What are the prime factors of 217376?
2, 6793
What are the prime factors of 558464?
2, 4363
List the prime factors of 254332.
2, 13, 67, 73
List the prime factors of 6331800.
2, 3, 5, 61, 173
What are the prime factors of 121585?
5, 24317
List the prime factors of 323847.
3, 35983
List the prime factors of 577651.
29, 19919
What are the prime factors of 28370587?
7, 4052941
What are the prime factors of 6156364?
2, 23, 61, 1097
What are the prime factors of 152695?
5, 30539
What are the prime factors of 185076?
2, 3, 53, 97
List the prime factors of 1811605.
5, 17, 21313
List the prime factors of 4066761.
3, 1103, 1229
What are the prime factors of 3619843?
3619843
What are the prime factors of 3190012?
2, 7, 59, 1931
List the prime factors of 2093971.
11, 19, 43, 233
List the prime factors of 2162390.
2, 5, 19, 599
List the prime factors of 471854.
2, 235927
What are the prime factors of 3008602?
2, 229, 6569
List the prime factors of 8030672.
2, 13, 38609
What are the prime factors of 3954392?
2, 13, 47, 809
List the prime factors of 1163918.
2, 7, 83137
List the prime factors of 225184.
2, 31, 227
What are the prime factors of 8983933?
7, 37, 34687
What are the prime factors of 502739?
59, 8521
List the prime factors of 2830395.
3, 5, 188693
What are the prime factors of 568254?
2, 3, 94709
List the prime factors of 1725805.
5, 23, 43, 349
List the prime factors of 4885964.
2, 19, 53, 1213
List the prime factors of 3746063.
113, 33151
What are the prime factors of 834899?
13, 64223
List the prime factors of 686710.
2, 5, 43, 1597
What are the prime factors of 1928864?
2, 7, 79, 109
What are the prime factors of 8706691?
7, 31, 40123
List the prime factors of 1738556.
2, 17, 37, 691
What are the prime factors of 6608807?
6608807
What are the prime factors of 7241967?
3, 29, 3083
What are the prime factors of 2481167?
13, 17, 103, 109
What are the prime factors of 339773?
7, 48539
List the prime factors of 2417706.
2, 3, 17, 7901
What are the prime factors of 3015950?
2, 5, 7, 1231
What are the prime factors of 10993716?
2, 3, 31, 9851
What are the prime factors of 4980904?
2, 622613
What are the prime factors of 5072887?
181, 28027
What are the prime factors of 53089?
53089
What are the prime factors of 54689?
17, 3217
List the prime factors of 1619551.
1619551
List the prime factors of 43790.
2, 5, 29, 151
List the prime factors of 502232.
2, 67, 937
What are the prime factors of 4619494?
2, 11, 209977
What are the prime factors of 4933584?
2, 3, 34261
What are the prime factors of 187517?
11, 17047
List the prime factors of 770043.
3, 283, 907
What are the p